28
What is the remainder when 17622 is divided by 499?
157
What is the remainder when 70426 is divided by 275?
26
What is the remainder when 5208 is divided by 344?
48
Calculate the remainder when 82011 is divided by 6833.
15
What is the remainder when 967 is divided by 382?
203
What is the remainder when 2364 is divided by 78?
24
What is the remainder when 1805 is divided by 259?
251
What is the remainder when 1782 is divided by 1108?
674
What is the remainder when 5153 is divided by 3890?
1263
What is the remainder when 24597 is divided by 20?
17
What is the remainder when 156571 is divided by 779?
771
What is the remainder when 322958 is divided by 91?
90
What is the remainder when 256533 is divided by 469?
459
Calculate the remainder when 3930 is divided by 255.
105
What is the remainder when 560 is divided by 414?
146
Calculate the remainder when 72626 is divided by 33.
26
What is the remainder when 13576 is divided by 3394?
0
Calculate the remainder when 35959 is divided by 264.
55
What is the remainder when 50399 is divided by 50384?
15
What is the remainder when 5278 is divided by 400?
78
Calculate the remainder when 6273 is divided by 106.
19
Calculate the remainder when 3406 is divided by 96.
46
What is the remainder when 62132 is divided by 197?
77
Calculate the remainder when 1480 is divided by 70.
10
Calculate the remainder when 3532 is divided by 99.
67
What is the remainder when 82645 is divided by 282?
19
What is the remainder when 8580 is divided by 327?
78
What is the remainder when 2070250 is divided by 20?
10
Calculate the remainder when 159698 is divided by 27.
20
Calculate the remainder when 560 is divided by 47.
43
What is the remainder when 12524199 is divided by 9?
6
Calculate the remainder when 24085 is divided by 46.
27
What is the remainder when 336529 is divided by 487?
12
Calculate the remainder when 14981 is divided by 439.
55
What is the remainder when 368046 is divided by 33?
30
What is the remainder when 9053 is divided by 3004?
41
Calculate the remainder when 8163 is divided by 115.
113
What is the remainder when 79180 is divided by 15833?
15
What is the remainder when 660 is divided by 126?
30
Calculate the remainder when 5570 is divided by 31.
21
Calculate the remainder when 1638 is divided by 1602.
36
What is the remainder when 7970 is divided by 3863?
244
Calculate the remainder when 14984 is divided by 2138.
18
Calculate the remainder when 659 is divided by 377.
282
What is the remainder when 53586 is divided by 254?
246
Calculate the remainder when 22310 is divided by 14.
8
What is the remainder when 4807 is divided by 598?
23
What is the remainder when 221653 is divided by 538?
535
What is the remainder when 2815752 is divided by 853?
852
What is the remainder when 22176 is divided by 68?
8
Calculate the remainder when 32548 is divided by 857.
839
What is the remainder when 453373 is divided by 92?
89
What is the remainder when 89754 is divided by 44813?
128
What is the remainder when 3134 is divided by 1886?
1248
What is the remainder when 163613 is divided by 62?
57
Calculate the remainder when 1174 is divided by 807.
367
Calculate the remainder when 1705 is divided by 62.
31
Calculate the remainder when 6931 is divided by 505.
366
What is the remainder when 8702 is divided by 2171?
18
What is the remainder when 7972 is divided by 36?
16
What is the remainder when 35790 is divided by 41?
38
What is the remainder when 44469 is divided by 20?
9
Calculate the remainder when 44214 is divided by 737.
731
Calculate the remainder when 32508 is divided by 16248.
12
Calculate the remainder when 3115 is divided by 34.
21
What is the remainder when 189152 is divided by 5?
2
Calculate the remainder when 35818 is divided by 17.
16
Calculate the remainder when 91691 is divided by 91665.
26
What is the remainder when 85259 is divided by 116?
115
What is the remainder when 446605 is divided by 225?
205
Calculate the remainder when 17364 is divided by 18.
12
Calculate the remainder when 23279 is divided by 49.
4
What is the remainder when 45054 is divided by 15007?
33
Calculate the remainder when 1144 is divided by 224.
24
What is the remainder when 107913 is divided by 29?
4
Calculate the remainder when 159805 is divided by 64.
61
Calculate the remainder when 32373 is divided by 8093.
1
Calculate the remainder when 106216 is divided by 27.
25
What is the remainder when 492127 is divided by 338?
337
What is the remainder when 3091 is divided by 26?
23
What is the remainder when 836 is divided by 12?
8
Calculate the remainder when 2131349 is divided by 26.
25
What is the remainder when 85577 is divided by 187?
118
What is the remainder when 134920 is divided by 9?
1
Calculate the remainder when 6649487 is divided by 8.
7
Calculate the remainder when 3324 is divided by 755.
304
What is the remainder when 2947 is divided by 1172?
603
What is the remainder when 310722 is divided by 225?
222
Calculate the remainder when 6965 is divided by 643.
535
Calculate the remainder when 25609 is divided by 136.
41
Calculate the remainder when 1164 is divided by 10.
4
What is the remainder when 7007 is divided by 3451?
105
Calculate the remainder when 1092421 is divided by 68275.
21
Calculate the remainder when 6565 is divided by 923.
104
Calculate the remainder when 16788 is divided by 494.
486
Calculate the remainder when 4680 is divided by 736.
264
Calculate the remainder when 8200 is divided by 8119.
81
What is the remainder when 2316203 is divided by 198?
197
Calculate the remainder when 10166 is divided by 3385.
11
What is the remainder when 4945 is divided by 378?
31
What is the remainder when 35255 is divided by 5030?
45
Calculate the remainder when 2051 is divided by 32.
3
Calculate the remainder when 51914 is divided by 1237.
1197
Calculate the remainder when 203890 is divided by 269.
257
What is the remainder when 103106 is divided by 15?
11
What is the remainder when 15312 is divided by 18?
12
Calculate the remainder when 12239 is divided by 12216.
23
What is the remainder when 4050 is divided by 20?
10
What is the remainder when 88571 is divided by 363?
362
Calculate the remainder when 16836 is divided by 89.
15
What is the remainder when 237476 is divided by 15?
11
Calculate the remainder when 18730 is divided by 7.
5
Calculate the remainder when 547604 is divided by 38.
24
Calculate the remainder when 195 is divided by 28.
27
What is the remainder when 5253 is divided by 1617?
402
What is the remainder when 19146 is divided by 6247?
405
Calculate the remainder when 59678 is divided by 3729.
14
Calculate the remainder when 304896 is divided by 60966.
66
Calculate the remainder when 105598 is divided by 825.
823
What is the remainder when 3463583 is divided by 109?
108
Calculate the remainder when 232939 is divided by 20.
19
What is the remainder when 2680 is divided by 119?
62
Calculate the remainder when 3143 is divided by 90.
83
Calculate the remainder when 1662 is divided by 111.
108
Calculate the remainder when 20020 is divided by 1053.
13
Calculate the remainder when 7850 is divided by 1118.
24
Calculate the remainder when 976055 is divided by 134.
133
Calculate the remainder when 11322 is divided by 3766.
24
Calculate the remainder when 5627 is divided by 103.
65
What is the remainder when 232910 is divided by 826?
804
What is the remainder when 20389 is divided by 8?
5
Calculate the remainder when 879 is divided by 109.
7
Calculate the remainder when 1381 is divided by 119.
72
What is the remainder when 2161 is divided by 53?
41
Calculate the remainder when 128867 is divided by 14.
11
What is the remainder when 49205 is divided by 19?
14
What is the remainder when 33005 is divided by 4064?
493
What is the remainder when 54528 is divided by 190?
188
What is the remainder when 8101 is divided by 192?
37
What is the remainder when 81104 is divided by 54?
50
What is the remainder when 16798 is divided by 5597?
7
What is the remainder when 263070 is divided by 79?
0
Calculate the remainder when 4186 is divided by 857.
758
What is the remainder when 42316 is divided by 292?
268
Calculate the remainder when 645778 is divided by 15.
13
Calculate the remainder when 72337 is divided by 117.
31
What is the remainder wh